*t. Calculate the greatest common factor of t and 882.
18
Let o(n) = 3*n**2 + 2. Suppose -3*q = 3*a - 0*a + 9, -3*q = a + 1. Let l be o(q). Calculate the highest common divisor of l and 25.
5
Suppose n = 2*r + 6*n - 18, -2*r = n - 10. Suppose 10*j - r*j - 384 = 0. Let k = j + -31. Calculate the greatest common divisor of 22 and k.
11
Let b(g) = -g**3 + 73*g**2 - 139*g - 208. Let t be b(71). Suppose 72 = f - 8. Calculate the greatest common divisor of f and t.
5
Suppose -5 = p - 4*v + 6, 3*p + 3*v - 27 = 0. Suppose 0*f - 5*c - 925 = -p*f, -3*f - 4*c = -520. Calculate the highest common factor of f and 30.
30
Let r be 2*(1 + (4 - 4)). Suppose 3*y = -4*c - r, -c - 8 = 3*c. Let m = 2 + 1. Calculate the highest common divisor of y and m.
1
Let x(j) = j + 2. Let b be x(0). Suppose -b = 2*i - l, 5*l - 22 = -5*i + 3. Let c be ((-42)/28)/(i/(-30)). What is the greatest common divisor of 5 and c?
5
Let i(z) = 123*z + 7. Let m be i(3). What is the highest common factor of 16 and m?
8
Suppose -n + 15 = 5*f - 0*n, 0 = 5*f - 2*n - 30. Suppose 2*w + 2*w - 120 = 5*c, -f*w + 120 = -3*c. Calculate the highest common divisor of w and 50.
10
Let p be ((-40 - -5) + -2)/(-1) - 4. What is the highest common divisor of 44 and p?
11
Suppose -4*g - 108 = -128. What is the greatest common factor of 1 and g?
1
Let h(u) = -15*u**3 - u**2 + 3*u + 4. Let p = 18 + 8. Let d = p - 28. Let x be h(d). Calculate the highest common divisor of x and 38.
38
Let p = 347 + -299. Calculate the greatest common factor of 128 and p.
16
Suppose -5*y = -4*m - 4*y + 2269, -6*m + 3406 = -4*y. Calculate the highest common divisor of 81 and m.
81
Let x(y) = -2*y**3 - 5*y**2 + 4*y. Let f be x(-4). Let b = -17 + f. What is the highest common divisor of 10 and b?
5
Let m be (-120)/((-4)/(-7) + 247/(-910)). Let c = -94 - m. Calculate the highest common factor of 51 and c.
51
Suppose i - 214 = -2*x, -5*i + 1051 = 4*x - 49. What is the highest common factor of 84 and i?
28
Let f = 12 + -9. Let q be 39/(f - 64/22). Suppose -t + q = 2*t. Calculate the greatest common factor of t and 13.
13
Suppose z - 14 = -2*f - 2*z, -12 = 3*z. Let u be (-5)/(-27 - -7)*-8 - (-40 + -1). What is the highest common divisor of u and f?
13
Let w(o) = o**2 + 4*o - 558. Let h be w(-26). Let a be 3*(13/(-3) - -2). Let d = 21 + a. What is the greatest common factor of h and d?
14
Let o = 76 - 113. Let t = o - -42. Calculate the highest common factor of t and 20.
5
Suppose 0 = 45*p - 15*p - 1560. What is the highest common factor of p and 65?
13
Let i = 35 + -15. Let f = 42 - i. Calculate the highest common divisor of f and 11.
11
Let g(f) = -18*f. Let j be g(-1). Let n = j - 9. Calculate the greatest common factor of 45 and n.
9
Let o = 45 - -117. Let z(p) = -p**3 + 5*p**2 - p + 6. Let r be z(4). What is the highest common divisor of o and r?
18
Suppose -369 = -5*q + 246. Suppose 5*a - q = u, 3*a - 3*u = -u + 71. What is the highest common divisor of a and 200?
25
Suppose -118 - 190 = -22*l. Calculate the highest common divisor of l and 938.
14
Let s = 674 + -656. Let p(v) = 4*v**2 - 11*v - 6. Let n be p(8). What is the greatest common divisor of n and s?
18
Suppose -14*f + 308 = -0*f. Calculate the greatest common factor of f and 143.
11
Suppose -4*n = -c + 112, -4*n = -5*n - 3. Let f(b) = -b**2 + 14*b - 8. Let s be f(6). Calculate the greatest common divisor of s and c.
20
Suppose -13*h + 219 = -2. Suppose -285 = -h*p + 12*p. What is the highest common divisor of 19 and p?
19
Let p(k) = k + 2. Let a be p(-6). Let d be 2/6*(-4 - a). Suppose d = 5*q - 4 - 1. Calculate the highest common factor of 1 and q.
1
Suppose -21 = 13*n - 34. Let o = -7 - -12. What is the greatest common factor of o and n?
1
Let c = -116 - -183. Let l = 139 + c. Let h be 8/20 + l/10. Calculate the greatest common divisor of h and 7.
7
Suppose 2*q + 425 = t, -3*t - 3*q - 2*q = -1231. Let j = -203 + t. Suppose 3*c = 3*h - j + 742, 0 = -5*h. What is the greatest common factor of 16 and c?
16
Suppose -3*y + 689 = 4*u, -5*u + 99 + 351 = 2*y. Calculate the highest common divisor of y and 35.
5
Suppose -1770*r + 1747*r = -920. Calculate the greatest common factor of r and 184.
8
Let i(l) = -l**3 + l**2 + 8*l - 6. Let z be i(3). Suppose 5*k = -c + 2*c - 196, z = c - 2*k - 196. What is the highest common factor of 28 and c?
28
Suppose 269 = 16*c - 755. Let l(p) = -2*p**3 - p**2 + 2*p. Let n be l(-2). Calculate the highest common factor of c and n.
8
Suppose 4 - 1 = -b, -2*k = -2*b - 10. Suppose -2*y - 726 = -4*l + 108, -k*l = y - 415. Calculate the highest common factor of 26 and l.
26
Let z(n) = -19*n - 865. Let f be z(-47). Calculate the greatest common divisor of f and 36.
4
Suppose 227 + 15 = 11*r. What is the highest common divisor of r and 6?
2
Let r = 925 + -522. What is the highest common divisor of 31 and r?
31
Let l(k) = k**3 - 31*k**2 + 5*k + 5. Let r be l(31). Calculate the greatest common factor of 128 and r.
32
Let w be (-16167)/(-10) + -10 + (-927)/(-90). Calculate the greatest common divisor of 14 and w.
7
Let f = -268 - -266. Let c(u) be the third derivative of -5*u**4/12 - u**3/3 + u**2. Let r be c(f). Calculate the greatest common divisor of 72 and r.
18
Let b(c) = -c**2 - 5*c - 2. Let t be b(-3). Suppose -m + 2*j + 145 = -3*j, t*m - 4*j = 612. What is the highest common factor of m and 31?
31
Suppose -66*o = -74*o + 2240. Calculate the highest common divisor of 210 and o.
70
Let z(g) = -g**3 - g**2 + 12*g - 1. Let o be z(-5). Calculate the highest common factor of o and 195.
39
Let u be 21/6*(-12)/(-7). Let k(h) = -h**3 - 10*h + 14 - 8*h**2 - u*h**2 - 2*h. Let d be k(-13). Calculate the greatest common factor of 4 and d.
1
Suppose 0 = -0*c + 5*c - 315. Let h be 7 + 1 - (-1 + -1). Let s = -3 + h. Calculate the greatest common divisor of s and c.
7
Let r = -1 - -4. Suppose 3*y - 2*d - 32 = -0*y, 3*y + r*d = 27. Let k = 17 + 3. What is the greatest common divisor of k and y?
10
Let k = 767 + -529. Suppose 5*q - 62 = k. What is the greatest common divisor of 24 and q?
12
Suppose 2*o - 160 = 4*r, -11 = 4*r - 3. Let q(w) = 8*w + 59. Let h be q(-5). What is the greatest common divisor of h and o?
19
Let q be (1 - 9) + (97 - -25). What is the greatest common factor of 66 and q?
6
Let k(y) = 38*y**2 + 15*y - 10. Let l be k(2). What is the highest common divisor of 4 and l?
4
Suppose 6*o = -8*o + 2366. Suppose 8*z - 71 - o = 0. What is the greatest common factor of 240 and z?
30
Let y(b) = b - 2. Let k be y(6). Suppose -k*m + 248 = -3*n, -2*m + n + 11 + 113 = 0. Suppose -5*u + 33 + m = 0. What is the greatest common divisor of u and 57?
19
Suppose 0 = -4*x + 25 - 9. Let i be (2 - x)/(2/13). Let k = -2 - i. Calculate the greatest common factor of 1 and k.
1
Suppose 95 = 8*m + 23. Calculate the highest common factor of m and 2.
1
Let o(r) = -10*r - 139. Let a be o(-16). Calculate the highest common factor of a and 1029.
21
Suppose -3420 = -28*p + 22*p. Calculate the greatest common divisor of 228 and p.
114
Let u = 30 + 30. Let c(a) = 2*a + 6. Let h be c(6). Suppose -58 = -g - h. What is the greatest common divisor of u and g?
20
Let s be 2 - (3 + -7) - 4. Suppose -2*u - m + s*m + 58 = 0, m = -2*u + 54. What is the highest common factor of 42 and u?
14
Let o(i) = i**3 - 3*i**2 - 8*i - 6. Let h be o(5). Suppose -h*q + 111 + 209 = 0. Calculate the greatest common divisor of 120 and q.
40
Let p = 261 + -162. Let l = -69 + p. Calculate the greatest common divisor of 30 and l.
30
Suppose t + 1 = -3*m, -m + 3*m + 6 = 0. Let c = 24 - 21. Let q be 122/c - 6/9. What is the greatest common factor of q and t?
8
Let p be (-9 - 2513/(-28)) + 3/(-4). Calculate the highest common divisor of p and 200.
40
Let b = -6 + 12. Suppose -1165 - 675 = -10*z. Suppose -b*t + z = -2*t. What is the highest common factor of 115 and t?
23
Suppose 0*b + 8*b = 448. Suppose 0 = -d - 4*i + 38, -2*d - 5*i + i + b = 0. What is the highest common factor of 144 and d?
18
Let k be (25284/105)/(1/15). What is the greatest common factor of k and 84?
84
Suppose -5*a + 35 = -0*a. Let r be ((-1078)/6)/a*-3. What is the highest common factor of r and 11?
11
Suppose -13 = 3*d + 4*z, 2*z - 3 = -5*d - 6. Suppose 5*n - 220 = -4*g, -46 = -n - 4*g - 2. Suppose d = f - n. Calculate the greatest common